= d + 14. Let o be b(-12). Suppose o*w + 13 = 55. List the prime factors of w.
3, 7
List the prime factors of ((-30)/9 - -4)*48.
2
Let f(b) = b + 18. Let k be f(-12). Suppose k*a - a = r + 67, -r + 59 = 4*a. List the prime factors of a.
2, 7
Let w(r) = 2*r - 6. Let f be w(4). Suppose q = -f*q + 15. Suppose 1 = -q*x + 41. List the prime factors of x.
2
Let i(c) = -c**2 - 4*c - 4. Let o be i(-4). Let g = o - -7. List the prime factors of g.
3
Let y(l) = 10*l**3 - l**2 + 1. Let i be y(2). Suppose 5*k - i = -3*f, 3*k - 13 = -2*f + 37. List the prime factors of f.
19
Suppose 5*i + 22 + 3 = 0, 410 = 5*x - 4*i. What are the prime factors of x?
2, 3, 13
Suppose 4*q - 336 - 428 = 0. List the prime factors of q.
191
Suppose -2*q = 2*q - 396. List the prime factors of q.
3, 11
Suppose 8*x - 4*x = -4*j + 280, -3*x + 3*j + 204 = 0. What are the prime factors of x?
3, 23
Let u = -14 - -23. What are the prime factors of u?
3
Suppose -6*s = -4*s - 16. List the prime factors of s.
2
Suppose -v + 68 - 7 = 0. List the prime factors of v.
61
Let n(z) = -z**2 + 2*z + 338. What are the prime factors of n(0)?
2, 13
Let i be ((-6)/(-2))/(1/6). Suppose -4*s - 56 = s - n, 3*s = -5*n - 56. Let o = i + s. What are the prime factors of o?
2, 3
Suppose -27 - 15 = -5*w - 3*p, 5*w = 2*p + 22. Suppose 7*j - 3*j - 8 = 0. Suppose -w*i = -j*i - 16. What are the prime factors of i?
2
Let u(q) = -28*q - 16. What are the prime factors of u(-6)?
2, 19
Let s be ((-12)/9)/(12/(-18)). Suppose m + 21 = s*m. What are the prime factors of m?
3, 7
Let n(u) = 2*u - 5. Let i be n(4). Suppose 43 = i*t - 2*w, -5*w + 1 = -4. List the prime factors of (16/6 + -2)*t.
2, 5
Suppose 3*h + 7*f - 2*f - 204 = 0, 75 = h + 4*f. What are the prime factors of h?
3, 7
Let a(r) = -2*r**3 - r**2 - r - 3. What are the prime factors of a(-2)?
11
Let i = -6 + 5. Let h(s) = -3*s + 1. Let b be h(i). What are the prime factors of ((-3)/(-1))/(6/b)?
2
Let g = 1 + 5. Let h(q) = -q**3 - q**2 + q + 2. Let n be h(-2). Suppose 0 = o - n*o + g. What are the prime factors of o?
2
Suppose 6*d = 2*d + 708. List the prime factors of d.
3, 59
Let b(r) = r + 8. Let c be b(-8). Let s = -3 - c. List the prime factors of 10/6 + s/(-9).
2
Suppose 4 = -3*n - 4*q, 4*q = 4*n + 3*q - 20. Suppose -n = -4*y, -c - 2*y + 58 = 3*c. List the prime factors of c.
2, 7
Suppose 3*m - 2*m = 2*q - 114, -4*q + 242 = 5*m. What are the prime factors of q?
2, 29
Let b be 7 - 1 - (-9)/(-3). List the prime factors of ((-3)/(-6))/(b/186).
31
Suppose -2*t = -3*p + 26, 2*p = -p + 4*t + 34. Let k = -3 + p. List the prime factors of k.
3
Suppose 0*x = -4*x - 24. Let u = 39 - 21. Let h = u + x. List the prime factors of h.
2, 3
Let i(z) = -z**3 + 9*z**2 - 5*z - 3. Suppose a + 4 = 3*d, -5*d + 17 + 3 = 0. List the prime factors of i(a).
3, 7
Let q(n) = -n**3 - 3*n**2 + 5*n + 6. Let h be q(-4). Let p be 25*(-1 + 2) - h. Let m = p + -16. What are the prime factors of m?
7
Let m be 3/(9/(-21)) + -2. Let r = -3 - m. What are the prime factors of (-2)/(-2)*(r - -4)?
2, 5
Suppose -37 = -5*q + 23. List the prime factors of q.
2, 3
Suppose -10*k + 11*k + b = 22, -2*b = -3*k + 76. What are the prime factors of k?
2, 3
Suppose 64 = 4*f - 68. Let d = f + -16. What are the prime factors of d?
17
Let w be (-4)/(-14) + 61/7. Suppose 0 = 3*u - 0*u - w. Suppose -5*i + u*i + 24 = 0. List the prime factors of i.
2, 3
Suppose -3*h + 528 = 4*o - 0*o, -2*o + 286 = -4*h. Suppose -3*i + o = 30. List the prime factors of i.
5, 7
Suppose -242 = -5*s - 0*g - 4*g, -2*s - 2*g + 98 = 0. What are the prime factors of s?
2, 23
Let j(z) = -17*z**3 + 2*z**2 + 2*z + 1. Let v = 7 - 8. List the prime factors of j(v).
2, 3
Let u be (-752)/(-14) - (-12)/42. Suppose -8*n = -5*n - u. List the prime factors of n.
2, 3
Let q = -12 + 15. Suppose -3*i = 3*a - 90, q*i = 2*a - 3*a + 28. List the prime factors of a.
31
Let p(b) = b**3 - 11*b**2 + 11*b - 3. List the prime factors of p(10).
7
Suppose j - 2*i = -3*j + 782, -5*i = 5*j - 955. What are the prime factors of j?
2, 97
Let z(h) = -h**3 - 2*h**2 + 6*h + 6. Let r be (-2 + 1)*(-6)/2. Let y = -7 + r. List the prime factors of z(y).
2, 7
Let k(m) = m + 1. Let v(y) = 5*y + 3. Let r(n) = -4*k(n) + 2*v(n). Let c be r(3). Suppose 0*w = -2*w + c. What are the prime factors of w?
2, 5
Let n(s) = s**2 + 5*s - 9. Let i(m) = -m**2 + 2*m + 6. Let b(j) = -j**2 + 3*j + 5. Let q(u) = 5*b(u) - 4*i(u). Let k be q(8). List the prime factors of n(k).
5
Let s(b) = -12*b - 8. List the prime factors of s(-7).
2, 19
Let n = 0 + 3. Suppose -n*a + 5*a + 24 = 0. Let y = a - -19. What are the prime factors of y?
7
Suppose -4*m = -m + 2*l - 478, -2*l = 2. List the prime factors of m.
2, 5
Let u(w) = w**3 - 2*w**2 - 8*w + 5. What are the prime factors of u(4)?
5
Suppose 4*b - 3*i = b + 186, 0 = -2*b - 5*i + 89. List the prime factors of b.
3, 19
Let o(v) = v**2 + 7*v - 15. Let z = -8 - -13. List the prime factors of o(z).
3, 5
Let h = 16 + -21. Let w = h - -9. List the prime factors of w.
2
Suppose 34 + 71 = -5*c. List the prime factors of (c/6)/(2/(-16)).
2, 7
Let y(d) = d**2 + 4*d. List the prime factors of y(-12).
2, 3
Let c(g) = 2*g**2 + 2*g - 1. Let l = 15 - 12. List the prime factors of c(l).
23
Let l(t) = 188*t - 1. What are the prime factors of l(1)?
11, 17
Let r(a) = 13*a**3 - 2*a**2 + 8*a - 7. Let s(z) = z**3 + z - 1. Let i(b) = r(b) - 6*s(b). What are the prime factors of i(1)?
2, 3
Let r be -80*(-3)/((-15)/(-4)). Let n be ((-10)/(-4))/(4/r). List the prime factors of 2/6 - n/(-6).
7
Let v = 2 + 3. Let j be 1 + (1 + -4 - 1). Let z = v + j. List the prime factors of z.
2
Suppose 5*s = 8 + 7. Suppose -2*a + 5*a + 2*c = 63, s*c - 47 = -2*a. List the prime factors of a.
19
Let o be (-10)/(-3) + 8/12. Suppose 4*d = 4*y - 4, -5*d + 2*y - o = -2*y. Suppose d*c - 30 = -3*c. List the prime factors of c.
2, 5
Let o(m) = -m**2. Let n(j) = -6*j**2 - 4*j + 1. Let q(r) = n(r) - 5*o(r). Let d be q(-4). List the prime factors of (d - 5/(-4))*4.
3
Suppose -2*h + 109 = -5*d, 118 = 5*h - 4*d - 112. Let q = -78 + h. Let s = -23 - q. What are the prime factors of s?
13
Let q(r) = -r**2 - 16*r + 33. List the prime factors of q(-15).
2, 3
Let z = -26 + 21. List the prime factors of z*204/40*-2.
3, 17
Let s(m) = -9*m**2 - 20*m - 21. Let q(d) = 5*d**2 + 10*d + 11. Let g(k) = 7*q(k) + 4*s(k). What are the prime factors of g(-7)?
2, 7
Let d = 23 + -21. Suppose 2*s = -d*o + 36, -67 = -4*s - 5*o - 0*o. List the prime factors of s.
23
Suppose 148 = 3*n + b, -n = -5*b - 34 + 6. List the prime factors of n.
2, 3
Suppose 5*z = 31 + 24. Let r = -7 + z. What are the prime factors of r?
2
Suppose -2*f = 3*m + 6, 5*m - 2*f + 10 = -f. Let j be m*3/(3/(-2)). Suppose -c + g = 2*g - 8, 2*g + j = 2*c. What are the prime factors of c?
5
Suppose -3*z + 2 = -7. Suppose -g - c = z*c, -c = 2*g. What are the prime factors of g - (-3 + 0/1)?
3
Let w be 57/9 + 2/3. Suppose 0 = -p - w - 2. List the prime factors of 3/p - (-40)/3.
13
Let p = 125 + -66. What are the prime factors of p?
59
Suppose 4*h + 4*l = 1196, 0 = -4*h + 2*l + 414 + 800. List the prime factors of h.
2, 151
Let c(z) = 0*z**2 + 10 + 3*z**2 + 5*z**2 + z**3 - 10*z. What are the prime factors of c(-9)?
19
Let t be (4 - (1 + 2))*-2. Let k = t + 6. Suppose -k*l = -0 - 12. List the prime factors of l.
3
Let z(u) = -u**2 - 20*u - 1. Let g be z(-15). Suppose -4*s + g = 2*b, 3*s - 113 = b - 45. What are the prime factors of s?
3, 7
Let q(n) = 21*n**2 + 3*n - 3. List the prime factors of q(2).
3, 29
Let h(s) = 12*s - 31. What are the prime factors of h(12)?
113
Let g(o) = -6*o**2 - o - 1. Let z be g(-1). Let n = -3 - z. Suppose w - 8 = n. What are the prime factors of w?
11
Suppose 2*c = 23 + 15. List the prime factors of c.
19
Suppose 2*z = 5*o + 7*z - 75, z + 30 = 2*o. List the prime factors of o.
3, 5
Suppose -5*y - 16 = 3*a + a, -3*y = -5*a - 20. Let v = 3 + y. Suppose 2*f + 6 = o, -v - 5 = -o + 4*f. List the prime factors of o.
2
Let q(z) = -z**3 + 5*z**2 + 6*z + 4. Let t be (4/5)/(6/45). Let f be q(t). Suppose 8 = f*g - 4. List the prime factors of g.
3
Suppose -4*n - 3*m + m + 190 = 0, 2*n - 86 = 2*m. List the prime factors of n.
2, 23
What are the prime factors of 6975/30 - (-1 + (-2)/4)?
2, 3, 13
Let a(o) = -19*o + 4. Let i = -19 - -17. List the prim